{"id":33047,"date":"2025-05-27T15:01:19","date_gmt":"2025-05-27T13:01:19","guid":{"rendered":"https:\/\/sonergia.fr\/professionnels\/?page_id=33047"},"modified":"2025-10-01T13:56:21","modified_gmt":"2025-10-01T11:56:21","slug":"plan-du-site","status":"publish","type":"page","link":"https:\/\/sonergia.fr\/professionnels\/plan-du-site\/","title":{"rendered":"Plan de site Professionnels"},"content":{"rendered":"\n<div class=\"wp-block-group has-global-padding is-layout-constrained wp-block-group-is-layout-constrained\" style=\"padding-top:var(--wp--preset--spacing--fixed-40);padding-bottom:var(--wp--preset--spacing--fixed-40)\"><div class=\"yoast-breadcrumbs\"><span><span><a href=\"https:\/\/sonergia.fr\/professionnels\/\">Accueil<\/a><\/span> \u00bb <span class=\"breadcrumb_last\" aria-current=\"page\">Plan de site Professionnels<\/span><\/span><\/div>\n\n<h1 class=\"wp-block-post-title\">Plan de site Professionnels<\/h1>\n\n\n<p><strong><div class=\"wsp-container\"><h2 class=\"wsp-pages-title\">Pages<\/h2>\n<ul class=\"wsp-pages-list\">\n<li class=\"page_item page-item-32190\"><a href=\"https:\/\/sonergia.fr\/professionnels\/contact\/\">Contact<\/a><\/li>\n<li class=\"page_item page-item-33278\"><a href=\"https:\/\/sonergia.fr\/professionnels\/coup-de-pouce-vehicules-particuliers-electriques-2\/\">Coup de pouce V\u00e9hicules Particuliers \u00c9lectriques<\/a><\/li>\n<li class=\"page_item page-item-30701\"><a href=\"https:\/\/sonergia.fr\/professionnels\/entreprises-et-collectivites\/\">Entreprises et collectivit\u00e9s<\/a><\/li>\n<li class=\"page_item page-item-33677\"><a href=\"https:\/\/sonergia.fr\/professionnels\/contact-offre\/\">Formulaire Offre Pro 2C<\/a><\/li>\n<li class=\"page_item page-item-32901 current_page_parent\"><a href=\"https:\/\/sonergia.fr\/professionnels\/nos-actualites\/\">Nos actualit\u00e9s<\/a><\/li>\n<li class=\"page_item page-item-33123\"><a href=\"https:\/\/sonergia.fr\/professionnels\/pourquoi-nous-choisir\/\">Pourquoi nous choisir ?<\/a><\/li>\n<li class=\"page_item page-item-33206\"><a href=\"https:\/\/sonergia.fr\/professionnels\/prime-vehicule-vert\/\">Prime V\u00e9hicule Vert<\/a><\/li>\n<li class=\"page_item page-item-30699 page_item_has_children\"><a href=\"https:\/\/sonergia.fr\/professionnels\/\">R\u00e9sidentiel individuel<\/a>\n<ul class='children'>\n\t<li class=\"page_item page-item-31498\"><a href=\"https:\/\/sonergia.fr\/professionnels\/residentiel-individuel\/artisans\/\">Artisans<\/a><\/li>\n\t<li class=\"page_item page-item-31359\"><a href=\"https:\/\/sonergia.fr\/professionnels\/residentiel-individuel\/assistance\/\">Assistance<\/a><\/li>\n\t<li class=\"page_item page-item-31500\"><a href=\"https:\/\/sonergia.fr\/professionnels\/residentiel-individuel\/association\/\">Association<\/a><\/li>\n\t<li class=\"page_item page-item-31574\"><a href=\"https:\/\/sonergia.fr\/professionnels\/residentiel-individuel\/cee\/\">CEE<\/a><\/li>\n\t<li class=\"page_item page-item-31355\"><a href=\"https:\/\/sonergia.fr\/professionnels\/residentiel-individuel\/essentiel\/\">Essentiel<\/a><\/li>\n\t<li class=\"page_item page-item-31502\"><a href=\"https:\/\/sonergia.fr\/professionnels\/residentiel-individuel\/fabricant\/\">Fabricant<\/a><\/li>\n\t<li class=\"page_item page-item-31801\"><a href=\"https:\/\/sonergia.fr\/professionnels\/residentiel-individuel\/maprimerenov\/\">MaPrimeR\u00e9nov\u2019<\/a><\/li>\n\t<li class=\"page_item page-item-31504\"><a href=\"https:\/\/sonergia.fr\/professionnels\/residentiel-individuel\/organisation-pro\/\">Organisation pro<\/a><\/li>\n\t<li class=\"page_item page-item-31357\"><a href=\"https:\/\/sonergia.fr\/professionnels\/residentiel-individuel\/paiement-3-jours\/\">Paiement 3 jours<\/a><\/li>\n<\/ul>\n<\/li>\n<li class=\"page_item page-item-13\"><a href=\"https:\/\/sonergia.fr\/professionnels\/sonergia-accueil\/\">Sonergia &#8211; Accueil<\/a><\/li>\n<li class=\"page_item page-item-31258\"><a href=\"https:\/\/sonergia.fr\/professionnels\/entreprises-et-collectivites\/nos-offres\/accompagnement-technique\/\">Accompagnement technique<\/a><\/li>\n<li class=\"page_item page-item-31260\"><a href=\"https:\/\/sonergia.fr\/professionnels\/entreprises-et-collectivites\/nos-offres\/aide-au-financement\/\">Aide au financement<\/a><\/li>\n<li class=\"page_item page-item-31256\"><a href=\"https:\/\/sonergia.fr\/professionnels\/entreprises-et-collectivites\/nos-offres\/gestion-de-primes\/\">Gestion de primes<\/a><\/li>\n<\/ul>\n<h2 class=\"wsp-posts-title\">Articles par cat\u00e9gorie<\/h2>\n<ul class=\"wsp-posts-list\">\n\t<li><strong class=\"wsp-category-title\">Cat\u00e9gorie\u00a0: <a href=\"https:\/\/sonergia.fr\/professionnels\/guide\/\">Guide<\/a><\/strong>\n<ul class=\"wsp-posts-list\">\t\t<li class=\"wsp-post\"><a href=\"https:\/\/sonergia.fr\/professionnels\/guide\/zones-climatiques-h1-h2-et-h3-quel-impact-sur-le-calcul-des-primes-cee\/\">Zones climatiques H1, H2 et H3 : quel impact sur le calcul des primes CEE ?\u00a0<\/a> (23\/03\/2026)<\/li>\n<\/ul><\/li>\n\t<li><strong class=\"wsp-category-title\">Cat\u00e9gorie\u00a0: <a href=\"https:\/\/sonergia.fr\/professionnels\/devenir-rge\/\">Devenir RGE<\/a><\/strong>\n<ul class=\"wsp-posts-list\">\t\t<li class=\"wsp-post\"><a href=\"https:\/\/sonergia.fr\/professionnels\/devenir-rge\/quel-est-le-prix-dune-formation-rge\/\">Quel est le prix d&#8217;une formation RGE ?<\/a> (03\/04\/2025)<\/li>\n\t\t<li class=\"wsp-post\"><a href=\"https:\/\/sonergia.fr\/professionnels\/devenir-rge\/ou-passer-la-formation-rge-pour-votre-entreprise\/\">O\u00f9 passer la formation RGE pour votre entreprise\u2009?<\/a> (02\/04\/2025)<\/li>\n\t\t<li class=\"wsp-post\"><a href=\"https:\/\/sonergia.fr\/professionnels\/devenir-rge\/quel-est-le-contenu-de-la-formation-rge\/\">Quel est le contenu de la formation RGE ?<\/a> (26\/03\/2025)<\/li>\n\t\t<li class=\"wsp-post\"><a href=\"https:\/\/sonergia.fr\/professionnels\/devenir-rge\/qualifications-rge-quel-agrement-pour-votre-entreprise\/\">Qualifications RGE : quel agr\u00e9ment pour votre entreprise\u00a0?<\/a> (25\/03\/2025)<\/li>\n\t\t<li class=\"wsp-post\"><a href=\"https:\/\/sonergia.fr\/professionnels\/devenir-rge\/rge-combien-de-temps-pour-devenir-une-entreprise-certifiee\/\">RGE : combien de temps pour devenir une entreprise certifi\u00e9e ?<\/a> (21\/03\/2025)<\/li>\n\t\t<li class=\"wsp-post\"><a href=\"https:\/\/sonergia.fr\/professionnels\/devenir-rge\/rge-est-il-obligatoire-pour-les-entreprises-du-batiment\/\">RGE : est-il obligatoire pour les entreprises du b\u00e2timent ?<\/a> (20\/03\/2025)<\/li>\n\t\t<li class=\"wsp-post\"><a href=\"https:\/\/sonergia.fr\/professionnels\/devenir-rge\/label-rge-qui-est-concerne\/\">RGE : pour qui ce label est-il utile ?<\/a> (19\/03\/2025)<\/li>\n\t\t<li class=\"wsp-post\"><a href=\"https:\/\/sonergia.fr\/professionnels\/devenir-rge\/rge-que-veut-dire-ce-label-definition\/\">RGE : que veut dire ce label ?<\/a> (18\/03\/2025)<\/li>\n<\/ul><\/li>\n\t<li><strong class=\"wsp-category-title\">Cat\u00e9gorie\u00a0: <a href=\"https:\/\/sonergia.fr\/professionnels\/dispositif-cee\/\">Dispositif CEE<\/a><\/strong>\n<ul class=\"wsp-posts-list\">\t\t<li class=\"wsp-post\"><a href=\"https:\/\/sonergia.fr\/professionnels\/dispositif-cee\/certificats-deconomies-denergie-le-dispositif-daides-a-la-renovation-energetique-le-plus-redistributif\/\">Certificats\u00a0d&#8217;\u00e9conomies d&#8217;\u00e9nergie : le dispositif d&#8217;aides \u00e0 la r\u00e9novation \u00e9nerg\u00e9tique le plus redistributif<\/a> (13\/05\/2026)<\/li>\n\t\t<li class=\"wsp-post\"><a href=\"https:\/\/sonergia.fr\/professionnels\/dispositif-cee\/controle-cee-cvad-2026-et-qualite-des-controles-sonergia\/\">Contr\u00f4le CEE : ce que le CVAD change concr\u00e8tement en 2026<\/a> (04\/05\/2026)<\/li>\n\t\t<li class=\"wsp-post\"><a href=\"https:\/\/sonergia.fr\/professionnels\/dispositif-cee\/controle-cee-2026-le-cvad-pour-massifier-les-controles-sans-sacrifier-la-qualite\/\">Contr\u00f4le CEE 2026\u202f: le CVAD pour massifier les contr\u00f4les sans sacrifier la qualit\u00e9<\/a> (29\/04\/2026)<\/li>\n\t\t<li class=\"wsp-post\"><a href=\"https:\/\/sonergia.fr\/professionnels\/dispositif-cee\/fraude-cee-comment-sonergia-garantit-des-certificats-deconomies-denergie-de-qualite\/\">Lutte contre la fraude dans l\u2019efficacit\u00e9 \u00e9nerg\u00e9tique :<\/a> (17\/04\/2026)<\/li>\n\t\t<li class=\"wsp-post\"><a href=\"https:\/\/sonergia.fr\/professionnels\/dispositif-cee\/cee-industrie-2026-ce-qui-change-en-6%e1%b5%89-periode-pour-la-decarbonation-et-lelectrification-des-procedes-industrie\/\">CEE\u00a0industrie\u00a02026 :\u00a0ce\u00a0qui change\u00a0en\u00a06\u1d49\u00a0p\u00e9riode\u00a0pour la\u00a0d\u00e9carbonation\u00a0et\u00a0l\u2019\u00e9lectrification\u00a0des\u00a0proc\u00e9d\u00e9s\u00a0industriels\u00a0<\/a> (15\/04\/2026)<\/li>\n\t\t<li class=\"wsp-post\"><a href=\"https:\/\/sonergia.fr\/professionnels\/dispositif-cee\/cee-decarbonation-france-emissions-co2\/\">D\u00e9carbonation :\u00a0comment les CEE deviennent un levier\u00a0majeur\u00a0de\u00a0r\u00e9duction des \u00e9missions de CO\u2082\u00a0<\/a> (31\/03\/2026)<\/li>\n\t\t<li class=\"wsp-post\"><a href=\"https:\/\/sonergia.fr\/professionnels\/dispositif-cee\/municipales-2026-financer-la-transition-energetique-des-collectivites-sans-augmenter-les-impots-grace-aux-cee\/\">Municipales 2026 : financer la transition \u00e9nerg\u00e9tique des collectivit\u00e9s\u00a0sans\u00a0augmenter les imp\u00f4ts gr\u00e2ce aux CEE\u00a0<\/a> (10\/03\/2026)<\/li>\n\t\t<li class=\"wsp-post\"><a href=\"https:\/\/sonergia.fr\/professionnels\/dispositif-cee\/ppe-3-quelles-orientations-pour-lefficacite-energetique-et-la-renovation-energetique-dici-2035\/\">PPE\u00a03\u00a0: quelles orientations pour l\u2019efficacit\u00e9 \u00e9nerg\u00e9tique et la r\u00e9novation \u00e9nerg\u00e9tique\u00a0d\u2019ici 2035\u00a0?\u00a0<\/a> (16\/02\/2026)<\/li>\n\t\t<li class=\"wsp-post\"><a href=\"https:\/\/sonergia.fr\/professionnels\/dispositif-cee\/renovation-energetique-tertiaire-quels-travaux-engager\/\">R\u00e9novation \u00e9nerg\u00e9tique tertiaire : quels travaux engager ?\u00a0<\/a> (11\/02\/2026)<\/li>\n\t\t<li class=\"wsp-post\"><a href=\"https:\/\/sonergia.fr\/professionnels\/dispositif-cee\/coup-de-pouce-chauffage-quelles-pompes-a-chaleur-eligibles-en-2026\/\">Coup de pouce chauffage : quelles pompes \u00e0 chaleur \u00e9ligibles en 2026 ?\u00a0<\/a> (10\/02\/2026)<\/li>\n\t\t<li class=\"wsp-post\"><a href=\"https:\/\/sonergia.fr\/professionnels\/dispositif-cee\/maprimerenov-2026-reouverture-guichet-plafonds-revenus\/\">MaPrimeR\u00e9nov\u2019 2026 : r\u00e9ouverture du guichet, nouvelles\u00a0r\u00e8gles\u00a0et plafonds de revenus \u00e0 conna\u00eetre\u00a0<\/a> (06\/02\/2026)<\/li>\n\t\t<li class=\"wsp-post\"><a href=\"https:\/\/sonergia.fr\/professionnels\/dispositif-cee\/coup-de-pouce-des-batiments-residentiels-collectifs-et-tertiaires-ce-quil-faut-savoir\/\">Coup de pouce des b\u00e2timents r\u00e9sidentiels collectifs et tertiaires 2026 : ce qu&#8217;il faut savoir<\/a> (22\/01\/2026)<\/li>\n\t\t<li class=\"wsp-post\"><a href=\"https:\/\/sonergia.fr\/professionnels\/dispositif-cee\/decryptage-decret-p6-un-nouveau-cap-pour-les-cee-entre-ambition-et-rigueur\/\">D\u00e9cryptage \u2013 D\u00e9cret P6 : un nouveau cap pour les CEE, entre ambition et rigueur\u00a0<\/a> (09\/01\/2026)<\/li>\n\t\t<li class=\"wsp-post\"><a href=\"https:\/\/sonergia.fr\/professionnels\/dispositif-cee\/coup-de-pouce-chauffage-2026-pompes-a-chaleur-installateurs\/\">Coup de pouce Chauffage 2026 : d\u00e9cryptage des nouvelles r\u00e8gles pour les installateurs<\/a> (22\/12\/2025)<\/li>\n\t\t<li class=\"wsp-post\"><a href=\"https:\/\/sonergia.fr\/professionnels\/dispositif-cee\/dispositif-cee-du-nouveau-sur-les-primes-pour-fin-2025-et-2026\/\">Dispositif CEE : du nouveau sur les primes pour fin 2025 et 2026<\/a> (26\/09\/2025)<\/li>\n\t\t<li class=\"wsp-post\"><a href=\"https:\/\/sonergia.fr\/professionnels\/dispositif-cee\/cee-un-nouveau-coup-de-pouce-pour-les-vehicules-electriques-des-le-1er-juillet\/\">CEE : un nouveau Coup de pouce pour les v\u00e9hicules \u00e9lectriques d\u00e8s le 1er juillet<\/a> (20\/06\/2025)<\/li>\n\t\t<li class=\"wsp-post\"><a href=\"https:\/\/sonergia.fr\/professionnels\/dispositif-cee\/coup-de-pouce-pour-un-reseau-de-chaleur-de-quoi-sagit-il\/\">Coup de pouce pour un r\u00e9seau de chaleur : de quoi s&#8217;agit-il ?<\/a> (22\/05\/2025)<\/li>\n\t\t<li class=\"wsp-post\"><a href=\"https:\/\/sonergia.fr\/professionnels\/dispositif-cee\/coup-de-pouce-renovation-performante-de-batiment-residentiel-collectif-ce-quil-faut-retenir\/\">Coup de pouce r\u00e9novation performante de b\u00e2timent r\u00e9sidentiel collectif : ce qu&#8217;il\u00a0faut retenir<\/a> (06\/05\/2025)<\/li>\n<\/ul><\/li>\n\t<li><strong class=\"wsp-category-title\">Cat\u00e9gorie\u00a0: <a href=\"https:\/\/sonergia.fr\/professionnels\/efficacite-energetique\/\">Efficacit\u00e9 \u00e9nerg\u00e9tique<\/a><\/strong>\n<ul class=\"wsp-posts-list\">\t\t<li class=\"wsp-post\"><a href=\"https:\/\/sonergia.fr\/professionnels\/efficacite-energetique\/remplacer-la-chaudiere-fioul-collective-vos-solutions-et-aides\/\">Remplacer la chaudi\u00e8re fioul collective :\u00a0vos\u00a0solutions et aides\u00a0<\/a> (24\/03\/2026)<\/li>\n\t\t<li class=\"wsp-post\"><a href=\"https:\/\/sonergia.fr\/professionnels\/efficacite-energetique\/renovation-energetique-et-valeur-immobiliere-les-travaux-augmentent-ils-le-prix-dun-logement\/\">R\u00e9novation \u00e9nerg\u00e9tique et valeur immobili\u00e8re : les travaux augmentent-ils le prix d\u2019un logement ?\u00a0<\/a> (18\/03\/2026)<\/li>\n\t\t<li class=\"wsp-post\"><a href=\"https:\/\/sonergia.fr\/professionnels\/efficacite-energetique\/audit-energetique-obligatoire-entreprise\/\">Obligation d\u2019audit \u00e9nerg\u00e9tique : ce que les entreprises doivent savoir en 2026\u00a0<\/a> (13\/03\/2026)<\/li>\n\t\t<li class=\"wsp-post\"><a href=\"https:\/\/sonergia.fr\/professionnels\/efficacite-energetique\/renovation-energetique-logements-collectifs-bar-th-177\/\">R\u00e9novation \u00e9nerg\u00e9tique des logements collectifs : l\u2019\u00e9volution\u00a0des aides\u00a0de la BAR-TH-177 ouvrent de nouvelles opportunit\u00e9s en 2026\u00a0<\/a> (25\/02\/2026)<\/li>\n\t\t<li class=\"wsp-post\"><a href=\"https:\/\/sonergia.fr\/professionnels\/efficacite-energetique\/loi-finances-2026-renovation-energetique-bailleurs\/\">Loi de finances 2026 : quelles opportunit\u00e9s pour la r\u00e9novation \u00e9nerg\u00e9tique des bailleurs et investisseurs ?<\/a> (23\/02\/2026)<\/li>\n\t\t<li class=\"wsp-post\"><a href=\"https:\/\/sonergia.fr\/professionnels\/efficacite-energetique\/bacs-decret-tertiaire-performance-energetique\/\">Performance \u00e9nerg\u00e9tique des b\u00e2timents tertiaires\u00a0: le BACS et la GTB pr\u00e9sentent un potentiel sous-exploit\u00e9\u00a0<\/a> (18\/02\/2026)<\/li>\n\t\t<li class=\"wsp-post\"><a href=\"https:\/\/sonergia.fr\/professionnels\/efficacite-energetique\/cvc-chauffage-reduire-consommation-energie\/\">CVC chauffage : comment r\u00e9duire la consommation d\u2019\u00e9nergie\u202f?\u00a0<\/a> (02\/02\/2026)<\/li>\n\t\t<li class=\"wsp-post\"><a href=\"https:\/\/sonergia.fr\/professionnels\/efficacite-energetique\/geothermie-fonctionnement-usages-avantages\/\">G\u00e9othermie\u00a0profonde et de surface\u00a0:\u00a0fonctionnement et\u00a0atouts\u00a0<\/a> (02\/02\/2026)<\/li>\n\t\t<li class=\"wsp-post\"><a href=\"https:\/\/sonergia.fr\/professionnels\/efficacite-energetique\/decret-bacs-quelles-obligations-et-solutions\/\">D\u00e9cret BACS : quelles obligations et solutions ?\u00a0<\/a> (20\/08\/2025)<\/li>\n\t\t<li class=\"wsp-post\"><a href=\"https:\/\/sonergia.fr\/professionnels\/efficacite-energetique\/quest-ce-quun-contrat-de-performance-energetique\/\">Qu&#8217;est-ce qu&#8217;un contrat de performance \u00e9nerg\u00e9tique ?<\/a> (28\/05\/2025)<\/li>\n\t\t<li class=\"wsp-post\"><a href=\"https:\/\/sonergia.fr\/professionnels\/efficacite-energetique\/decret-tertiaire-comment-le-comprendre-et-lappliquer\/\">D\u00e9cret tertiaire : comment le comprendre et l&#8217;appliquer ?<\/a> (22\/05\/2025)<\/li>\n\t\t<li class=\"wsp-post\"><a href=\"https:\/\/sonergia.fr\/professionnels\/efficacite-energetique\/gtb-batiment-optimiser-la-gestion-technique-et-energetique\/\">GTB : optimiser la gestion technique et \u00e9nerg\u00e9tique<\/a> (20\/05\/2025)<\/li>\n<\/ul><\/li>\n<\/ul>\n<h2 class=\"wsp-projets-title\">Projets<\/h2>\n<ul class=\"wsp-projets-list\">\n<li><a href=\"https:\/\/sonergia.fr\/professionnels\/projet\/reseaux\/\">R\u00e9seaux<\/a><\/li>\n<li><a href=\"https:\/\/sonergia.fr\/professionnels\/projet\/transport\/\">Transport<\/a><\/li>\n<li><a href=\"https:\/\/sonergia.fr\/professionnels\/projet\/agriculture\/\">Agriculture<\/a><\/li>\n<li><a href=\"https:\/\/sonergia.fr\/professionnels\/projet\/tertiaire\/\">Tertiaire<\/a><\/li>\n<li><a href=\"https:\/\/sonergia.fr\/professionnels\/projet\/industrie\/\">Industrie<\/a><\/li>\n<li><a href=\"https:\/\/sonergia.fr\/professionnels\/projet\/residentiel\/\">R\u00e9sidentiel collectif<\/a><\/li>\n<\/ul>\n<h2 class=\"wsp-popups-title\">Fen\u00eatres surgissantes<\/h2>\n<ul class=\"wsp-popups-list\">\n<li><a href=\"https:\/\/sonergia.fr\/professionnels\/?post_type=popup&amp;p=33736\">Webinaire &#8211; Jeudi 19 f\u00e9vrier 2026 &#8211; 11h00<\/a><\/li>\n<li><a href=\"https:\/\/sonergia.fr\/professionnels\/?post_type=popup&amp;p=33735\">Example: Auto-opening announcement popup<\/a><\/li>\n<\/ul>\n<h2 class=\"wsp-popup_themes-title\">Th\u00e8mes de fen\u00eatre modale<\/h2>\n<ul class=\"wsp-popup_themes-list\">\n<li><a href=\"https:\/\/sonergia.fr\/professionnels\/?post_type=popup_theme&amp;p=33737\">Th\u00e8me par d\u00e9faut<\/a><\/li>\n<li><a href=\"https:\/\/sonergia.fr\/professionnels\/?post_type=popup_theme&amp;p=33734\">Contenu uniquement &#8211; Pour utilisation avec les constructeurs de pages ou l\u2019\u00e9diteur de blocs<\/a><\/li>\n<li><a href=\"https:\/\/sonergia.fr\/professionnels\/?post_type=popup_theme&amp;p=33733\">Barre flottante &#8211; Bleu l\u00e9ger<\/a><\/li>\n<li><a href=\"https:\/\/sonergia.fr\/professionnels\/?post_type=popup_theme&amp;p=33732\">Framed Border<\/a><\/li>\n<li><a href=\"https:\/\/sonergia.fr\/professionnels\/?post_type=popup_theme&amp;p=33731\">En pointe<\/a><\/li>\n<li><a href=\"https:\/\/sonergia.fr\/professionnels\/?post_type=popup_theme&amp;p=33730\">Boite de bienvenue<\/a><\/li>\n<li><a href=\"https:\/\/sonergia.fr\/professionnels\/?post_type=popup_theme&amp;p=33729\">Bleu entreprise<\/a><\/li>\n<li><a href=\"https:\/\/sonergia.fr\/professionnels\/?post_type=popup_theme&amp;p=33728\">Visionneuse<\/a><\/li>\n<\/ul>\n<\/div><\/strong><\/p>\n<\/div>\n","protected":false},"excerpt":{"rendered":"","protected":false},"author":1,"featured_media":0,"parent":0,"menu_order":0,"comment_status":"closed","ping_status":"closed","template":"","meta":{"_acf_changed":false,"footnotes":""},"class_list":["post-33047","page","type-page","status-publish","hentry"],"acf":[],"yoast_head":"<!-- This site is optimized with the Yoast SEO Premium plugin v26.8 (Yoast SEO v26.8) - https:\/\/yoast.com\/product\/yoast-seo-premium-wordpress\/ -->\n<title>Plan de site Professionnels - Professionnels<\/title>\n<meta name=\"robots\" content=\"index, follow, max-snippet:-1, max-image-preview:large, max-video-preview:-1\" \/>\n<link rel=\"canonical\" href=\"https:\/\/sonergia.fr\/professionnels\/plan-du-site\/\" \/>\n<meta property=\"og:locale\" content=\"fr_FR\" \/>\n<meta property=\"og:type\" content=\"article\" \/>\n<meta property=\"og:title\" content=\"Plan de site Professionnels\" \/>\n<meta property=\"og:url\" content=\"https:\/\/sonergia.fr\/professionnels\/plan-du-site\/\" \/>\n<meta property=\"og:site_name\" content=\"Professionnels\" \/>\n<meta property=\"article:modified_time\" content=\"2025-10-01T11:56:21+00:00\" \/>\n<meta name=\"twitter:card\" content=\"summary_large_image\" \/>\n<meta name=\"twitter:label1\" content=\"Dur\u00e9e de lecture estim\u00e9e\" \/>\n\t<meta name=\"twitter:data1\" content=\"1 minute\" \/>\n<script type=\"application\/ld+json\" class=\"yoast-schema-graph\">{\"@context\":\"https:\/\/schema.org\",\"@graph\":[{\"@type\":\"WebPage\",\"@id\":\"https:\/\/sonergia.fr\/professionnels\/plan-du-site\/\",\"url\":\"https:\/\/sonergia.fr\/professionnels\/plan-du-site\/\",\"name\":\"Plan de site Professionnels - Professionnels\",\"isPartOf\":{\"@id\":\"https:\/\/sonergia.fr\/professionnels\/#website\"},\"datePublished\":\"2025-05-27T13:01:19+00:00\",\"dateModified\":\"2025-10-01T11:56:21+00:00\",\"breadcrumb\":{\"@id\":\"https:\/\/sonergia.fr\/professionnels\/plan-du-site\/#breadcrumb\"},\"inLanguage\":\"fr-FR\",\"potentialAction\":[{\"@type\":\"ReadAction\",\"target\":[\"https:\/\/sonergia.fr\/professionnels\/plan-du-site\/\"]}]},{\"@type\":\"BreadcrumbList\",\"@id\":\"https:\/\/sonergia.fr\/professionnels\/plan-du-site\/#breadcrumb\",\"itemListElement\":[{\"@type\":\"ListItem\",\"position\":1,\"name\":\"Accueil\",\"item\":\"https:\/\/sonergia.fr\/professionnels\/\"},{\"@type\":\"ListItem\",\"position\":2,\"name\":\"Plan de site Professionnels\"}]},{\"@type\":\"WebSite\",\"@id\":\"https:\/\/sonergia.fr\/professionnels\/#website\",\"url\":\"https:\/\/sonergia.fr\/professionnels\/\",\"name\":\"Sonergia\",\"description\":\"\",\"publisher\":{\"@id\":\"https:\/\/sonergia.fr\/professionnels\/#organization\"},\"potentialAction\":[{\"@type\":\"SearchAction\",\"target\":{\"@type\":\"EntryPoint\",\"urlTemplate\":\"https:\/\/sonergia.fr\/professionnels\/?s={search_term_string}\"},\"query-input\":{\"@type\":\"PropertyValueSpecification\",\"valueRequired\":true,\"valueName\":\"search_term_string\"}}],\"inLanguage\":\"fr-FR\"},{\"@type\":\"Organization\",\"@id\":\"https:\/\/sonergia.fr\/professionnels\/#organization\",\"name\":\"Sonergia\",\"url\":\"https:\/\/sonergia.fr\/professionnels\/\",\"logo\":{\"@type\":\"ImageObject\",\"inLanguage\":\"fr-FR\",\"@id\":\"https:\/\/sonergia.fr\/professionnels\/#\/schema\/logo\/image\/\",\"url\":\"https:\/\/sonergia.fr\/professionnels\/wp-content\/uploads\/sites\/2\/2025\/01\/logo-sonergia.png\",\"contentUrl\":\"https:\/\/sonergia.fr\/professionnels\/wp-content\/uploads\/sites\/2\/2025\/01\/logo-sonergia.png\",\"width\":242,\"height\":57,\"caption\":\"Sonergia\"},\"image\":{\"@id\":\"https:\/\/sonergia.fr\/professionnels\/#\/schema\/logo\/image\/\"}}]}<\/script>\n<!-- \/ Yoast SEO Premium plugin. -->","yoast_head_json":{"title":"Plan de site Professionnels - Professionnels","robots":{"index":"index","follow":"follow","max-snippet":"max-snippet:-1","max-image-preview":"max-image-preview:large","max-video-preview":"max-video-preview:-1"},"canonical":"https:\/\/sonergia.fr\/professionnels\/plan-du-site\/","og_locale":"fr_FR","og_type":"article","og_title":"Plan de site Professionnels","og_url":"https:\/\/sonergia.fr\/professionnels\/plan-du-site\/","og_site_name":"Professionnels","article_modified_time":"2025-10-01T11:56:21+00:00","twitter_card":"summary_large_image","twitter_misc":{"Dur\u00e9e de lecture estim\u00e9e":"1 minute"},"schema":{"@context":"https:\/\/schema.org","@graph":[{"@type":"WebPage","@id":"https:\/\/sonergia.fr\/professionnels\/plan-du-site\/","url":"https:\/\/sonergia.fr\/professionnels\/plan-du-site\/","name":"Plan de site Professionnels - Professionnels","isPartOf":{"@id":"https:\/\/sonergia.fr\/professionnels\/#website"},"datePublished":"2025-05-27T13:01:19+00:00","dateModified":"2025-10-01T11:56:21+00:00","breadcrumb":{"@id":"https:\/\/sonergia.fr\/professionnels\/plan-du-site\/#breadcrumb"},"inLanguage":"fr-FR","potentialAction":[{"@type":"ReadAction","target":["https:\/\/sonergia.fr\/professionnels\/plan-du-site\/"]}]},{"@type":"BreadcrumbList","@id":"https:\/\/sonergia.fr\/professionnels\/plan-du-site\/#breadcrumb","itemListElement":[{"@type":"ListItem","position":1,"name":"Accueil","item":"https:\/\/sonergia.fr\/professionnels\/"},{"@type":"ListItem","position":2,"name":"Plan de site Professionnels"}]},{"@type":"WebSite","@id":"https:\/\/sonergia.fr\/professionnels\/#website","url":"https:\/\/sonergia.fr\/professionnels\/","name":"Sonergia","description":"","publisher":{"@id":"https:\/\/sonergia.fr\/professionnels\/#organization"},"potentialAction":[{"@type":"SearchAction","target":{"@type":"EntryPoint","urlTemplate":"https:\/\/sonergia.fr\/professionnels\/?s={search_term_string}"},"query-input":{"@type":"PropertyValueSpecification","valueRequired":true,"valueName":"search_term_string"}}],"inLanguage":"fr-FR"},{"@type":"Organization","@id":"https:\/\/sonergia.fr\/professionnels\/#organization","name":"Sonergia","url":"https:\/\/sonergia.fr\/professionnels\/","logo":{"@type":"ImageObject","inLanguage":"fr-FR","@id":"https:\/\/sonergia.fr\/professionnels\/#\/schema\/logo\/image\/","url":"https:\/\/sonergia.fr\/professionnels\/wp-content\/uploads\/sites\/2\/2025\/01\/logo-sonergia.png","contentUrl":"https:\/\/sonergia.fr\/professionnels\/wp-content\/uploads\/sites\/2\/2025\/01\/logo-sonergia.png","width":242,"height":57,"caption":"Sonergia"},"image":{"@id":"https:\/\/sonergia.fr\/professionnels\/#\/schema\/logo\/image\/"}}]}},"_links":{"self":[{"href":"https:\/\/sonergia.fr\/professionnels\/wp-json\/wp\/v2\/pages\/33047","targetHints":{"allow":["GET"]}}],"collection":[{"href":"https:\/\/sonergia.fr\/professionnels\/wp-json\/wp\/v2\/pages"}],"about":[{"href":"https:\/\/sonergia.fr\/professionnels\/wp-json\/wp\/v2\/types\/page"}],"author":[{"embeddable":true,"href":"https:\/\/sonergia.fr\/professionnels\/wp-json\/wp\/v2\/users\/1"}],"replies":[{"embeddable":true,"href":"https:\/\/sonergia.fr\/professionnels\/wp-json\/wp\/v2\/comments?post=33047"}],"version-history":[{"count":4,"href":"https:\/\/sonergia.fr\/professionnels\/wp-json\/wp\/v2\/pages\/33047\/revisions"}],"predecessor-version":[{"id":33459,"href":"https:\/\/sonergia.fr\/professionnels\/wp-json\/wp\/v2\/pages\/33047\/revisions\/33459"}],"wp:attachment":[{"href":"https:\/\/sonergia.fr\/professionnels\/wp-json\/wp\/v2\/media?parent=33047"}],"curies":[{"name":"wp","href":"https:\/\/api.w.org\/{rel}","templated":true}]}}